23
Calculate the remainder when 179 is divided by 26.
23
What is the remainder when 6371 is divided by 18?
17
Calculate the remainder when 409 is divided by 42.
31
Calculate the remainder when 8230 is divided by 12.
10
What is the remainder when 223 is divided by 145?
78
What is the remainder when 555 is divided by 547?
8
What is the remainder when 269 is divided by 18?
17
Calculate the remainder when 600 is divided by 86.
84
Calculate the remainder when 1215 is divided by 1152.
63
What is the remainder when 105 is divided by 55?
50
What is the remainder when 676 is divided by 217?
25
What is the remainder when 464 is divided by 64?
16
Calculate the remainder when 269 is divided by 136.
133
What is the remainder when 188 is divided by 40?
28
Calculate the remainder when 231 is divided by 78.
75
What is the remainder when 222 is divided by 9?
6
What is the remainder when 264 is divided by 28?
12
What is the remainder when 261 is divided by 28?
9
What is the remainder when 79 is divided by 17?
11
What is the remainder when 8068 is divided by 15?
13
Calculate the remainder when 1041 is divided by 67.
36
Calculate the remainder when 940 is divided by 40.
20
What is the remainder when 560 is divided by 139?
4
What is the remainder when 84 is divided by 65?
19
What is the remainder when 133 is divided by 68?
65
What is the remainder when 377 is divided by 14?
13
Calculate the remainder when 501 is divided by 160.
21
What is the remainder when 10569 is divided by 35?
34
Calculate the remainder when 269 is divided by 129.
11
What is the remainder when 1182 is divided by 108?
102
What is the remainder when 105 is divided by 2?
1
Calculate the remainder when 973 is divided by 25.
23
Calculate the remainder when 253 is divided by 38.
25
Calculate the remainder when 205 is divided by 20.
5
Calculate the remainder when 97 is divided by 13.
6
Calculate the remainder when 3838 is divided by 24.
22
Calculate the remainder when 638 is divided by 16.
14
Calculate the remainder when 627 is divided by 163.
138
Calculate the remainder when 155 is divided by 52.
51
Calculate the remainder when 188 is divided by 28.
20
What is the remainder when 576 is divided by 57?
6
Calculate the remainder when 639 is divided by 65.
54
What is the remainder when 253 is divided by 103?
47
Calculate the remainder when 10331 is divided by 19.
14
Calculate the remainder when 819 is divided by 97.
43
Calculate the remainder when 1054 is divided by 13.
1
Calculate the remainder when 18488 is divided by 138.
134
What is the remainder when 7394 is divided by 17?
16
Calculate the remainder when 74 is divided by 25.
24
What is the remainder when 119 is divided by 60?
59
What is the remainder when 139 is divided by 18?
13
Calculate the remainder when 873 is divided by 435.
3
What is the remainder when 1565 is divided by 777?
11
Calculate the remainder when 534 is divided by 157.
63
What is the remainder when 838 is divided by 98?
54
Calculate the remainder when 1968 is divided by 9.
6
What is the remainder when 101 is divided by 71?
30
Calculate the remainder when 52 is divided by 11.
8
Calculate the remainder when 348 is divided by 11.
7
What is the remainder when 592 is divided by 163?
103
What is the remainder when 1087 is divided by 84?
79
Calculate the remainder when 45 is divided by 38.
7
What is the remainder when 11307 is divided by 263?
261
What is the remainder when 94 is divided by 20?
14
Calculate the remainder when 289 is divided by 58.
57
Calculate the remainder when 327 is divided by 82.
81
What is the remainder when 7369 is divided by 59?
53
Calculate the remainder when 1062 is divided by 258.
30
Calculate the remainder when 311 is divided by 77.
3
Calculate the remainder when 260 is divided by 34.
22
What is the remainder when 100 is divided by 13?
9
What is the remainder when 940 is divided by 49?
9
Calculate the remainder when 20051 is divided by 46.
41
Calculate the remainder when 781 is divided by 56.
53
Calculate the remainder when 257 is divided by 26.
23
What is the remainder when 1294 is divided by 54?
52
What is the remainder when 748 is divided by 249?
1
What is the remainder when 35 is divided by 13?
9
Calculate the remainder when 1915 is divided by 71.
69
What is the remainder when 3046 is divided by 24?
22
Calculate the remainder when 514 is divided by 25.
14
Calculate the remainder when 73 is divided by 13.
8
What is the remainder when 188 is divided by 16?
12
What is the remainder when 1010 is divided by 52?
22
Calculate the remainder when 112 is divided by 39.
34
What is the remainder when 2605 is divided by 40?
5
Calculate the remainder when 232 is divided by 26.
24
What is the remainder when 7752 is divided by 287?
3
Calculate the remainder when 74 is divided by 54.
20
Calculate the remainder when 18 is divided by 9.
0
What is the remainder when 60 is divided by 34?
26
Calculate the remainder when 1817 is divided by 65.
62
Calculate the remainder when 131 is divided by 9.
5
What is the remainder when 637 is divided by 64?
61
What is the remainder when 8637 is divided by 160?
157
Calculate the remainder when 89 is divided by 8.
1
Calculate the remainder when 493 is divided by 56.
45
Calculate the remainder when 81 is divided by 19.
5
What is the remainder when 148 is divided by 51?
46
What is the remainder when 216 is divided by 19?
7
What is the remainder when 3917 is divided by 98?
95
Calculate the remainder when 1098 is divided by 263.
46
Calculate the remainder when 829 is divided by 268.
25
What is the remainder when 649 is divided by 321?
7
Calculate the remainder when 1114 is divided by 162.
142
What is the remainder when 320 is divided by 24?
8
Calculate the remainder when 286 is divided by 137.
12
What is the remainder when 219 is divided by 76?
67
What is the remainder when 987 is divided by 12?
3
What is the remainder when 83 is divided by 39?
5
What is the remainder when 142 is divided by 26?
12
Calculate the remainder when 1774 is divided by 438.
22
Calculate the remainder when 907 is divided by 296.
19
What is the remainder when 512 is divided by 40?
32
What is the remainder when 201 is divided by 1?
0
What is the remainder when 1714 is divided by 289?
269
What is the remainder when 126 is divided by 75?
51
What is the remainder when 1061 is divided by 13?
8
Calculate the remainder when 183 is divided by 173.
10
Calculate the remainder when 2420 is divided by 14.
12
What is the remainder when 1665 is divided by 9?
0
What is the remainder when 109 is divided by 22?
21
Calculate the remainder when 305 is divided by 294.
11
Calculate the remainder when 132 is divided by 33.
0
Calculate the remainder when 642 is divided by 131.
118
Calculate the remainder when 605 is divided by 125.
105
Calculate the remainder when 909 is divided by 313.
283
What is the remainder when 219 is divided by 187?
32
What is the remainder when 252 is divided by 99?
54
Calculate the remainder when 569 is divided by 151.
116
Calculate the remainder when 141 is divided by 29.
25
What is the remainder when 511 is divided by 64?
63
What is the remainder when 115 is divided by 29?
28
What is the remainder when 127 is divided by 67?
60
Calculate the remainder when 61 is divided by 9.
7
Calculate the remainder when 97 is divided by 27.
16
Calculate the remainder when 98 is divided by 16.
2
Calculate the remainder when 35 is divided by 28.
7
Calculate the remainder when 4318 is divided by 149.
146
Calculate the remainder when 64 is divided by 9.
1
Calculate the remainder when 2717 is divided by 34.
31
Calculate the remainder when 572 is divided by 39.
26
What is the remainder when 227 is divided by 33?
29
Calculate the remainder when 1759 is divided by 12.
7
What is the remainder when 168 is divided by 10?
8
Calculate the remainder when 92 is divided by 20.
12
Calculate the remainder when 171 is divided by 38.
19
Calculate the remainder when 1175 is divided by 98.
97
Calculate the remainder when 1247 is divided by 52.
51
Calculate the remainder when 29 is divided by 19.
10
Calculate the remainder when 8506 is divided by 133.
127
Calculate the remainder when 21403 is divided by 11.
8
Calculate the remainder when 4379 is divided by 102.
95
Calculate the remainder when 727 is d